+ 10726. Determine n(-57).
67
Let v(p) = -10*p**2 - 2231*p - 2567. What is v(-222)?
-125
Let o(a) = 4*a**2 + 627*a + 4934. What is o(-8)?
174
Let t(j) = -5*j**2 - 1391*j - 3072. Calculate t(-276).
-36
Let a(o) = -12*o**2 + 8293*o + 24297. What is a(694)?
7
Let s(g) = g**3 - 2686*g**2 - 13739*g - 1415. Give s(-5).
5
Let i(k) = 2*k**2 - 708*k + 49256. What is i(95)?
46
Let n(o) = o**2 - 320*o - 243757. Calculate n(-359).
4
Let j(v) = 506*v + 45156. Determine j(-89).
122
Let u(p) = -p**2 - 411*p + 43728. Calculate u(87).
402
Let d(a) = -a**2 + 21*a - 2135. Give d(35).
-2625
Let g(p) = 31782*p - 317829. Calculate g(10).
-9
Let v(h) = h**3 - 44*h**2 - 720*h + 31728. What is v(44)?
48
Let g(s) = -24*s**2 - 842*s - 2553. Calculate g(-3).
-243
Let d(u) = -u**2 - 718*u - 5655. What is d(-8)?
25
Let s(j) = -2*j**3 + 25*j**2 - 87*j - 725. What is s(-4)?
151
Let h(k) = 5*k**2 - 21*k - 1075. What is h(-16)?
541
Let f(j) = 2854*j - 188383. Determine f(66).
-19
Let i(d) = -20*d**3 + 3840*d**2 - 40*d + 7676. Determine i(192).
-4
Let o(j) = j**2 - 1433*j - 1073. Give o(0).
-1073
Let i(p) = 5905*p - 3294991. Calculate i(558).
-1
Let g(l) = 4*l**2 + 13638*l + 68190. Give g(-5).
100
Let s(d) = -d**2 - 327659*d - 3276487. Determine s(-10).
3
Let x(j) = 2097*j - 81762. Determine x(39).
21
Let q(k) = 4125*k + 20612. What is q(-5)?
-13
Let r(z) = -966*z + 140107. Give r(145).
37
Let h(p) = -p**3 - 128*p**2 + 799*p - 320. Give h(-134).
350
Let p(w) = -216*w - 2851. Calculate p(-7).
-1339
Let b(p) = 11888*p + 46640. Calculate b(-4).
-912
Let m(h) = -h**2 + 8440*h - 1639964. Determine m(199).
-5
Let z(r) = 9616*r + 423845. Give z(-44).
741
Let r(m) = 2*m**3 + 22*m**2 - 77*m + 331. Calculate r(-14).
233
Let g(w) = -44*w**2 - 13249*w - 1295. Give g(-301).
210
Let y(n) = 4326*n + 5493. Determine y(-2).
-3159
Let q(o) = 118*o - 1074. What is q(-11)?
-2372
Let b(i) = 2*i**2 - 116*i - 2873. Calculate b(-20).
247
Let n(p) = 1775*p**2 + 5348*p + 42. What is n(-3)?
-27
Let g(j) = -4695*j - 98612. Calculate g(-21).
-17
Let c(s) = -s**3 + 37*s**2 - 225*s - 364. Calculate c(29).
-161
Let j(z) = 5*z**2 - 1898*z - 21484. Calculate j(-11).
-1
Let f(c) = -10*c**2 - 7*c + 364. What is f(6)?
-38
Let p(o) = -2*o**2 + 40294*o + 483800. What is p(-12)?
-16
Let h(d) = -32*d**2 + 1557*d + 544. Calculate h(49).
5
Let k(z) = -z**3 + 886*z**2 - 160155*z + 3794. Calculate k(633).
-4
Let z(b) = 4*b**3 - 197*b**2 + 1800*b + 150. What is z(37)?
-331
Let i(h) = h**2 - 145*h + 5270. Give i(50).
520
Let y(a) = 10*a**2 + 84*a + 1788. Determine y(-15).
2778
Let r(t) = 3842*t - 1636703. What is r(426)?
-11
Let w(l) = 16*l**3 + 5745*l**2 + 356*l - 360. Give w(-359).
717
Let d(i) = 3*i**3 - 601*i**2 + 213*i - 2598. Give d(200).
2
Let t(q) = 3*q**3 + 118*q**2 - 243*q + 3872. Give t(-42).
-34
Let j(b) = -b**2 - 14825*b - 2708413. Calculate j(-185).
-13
Let x(a) = -12943*a + 866954. What is x(67)?
-227
Let p(l) = -l**2 - 1044*l - 227984. Give p(-310).
-444
Let u(b) = -33*b**2 - 2461*b + 21811. Determine u(8).
11
Let s(w) = 100*w + 1178. Calculate s(-8).
378
Let j(r) = -2*r**3 - 128*r**2 - 377*r + 931. What is j(-61)?
1602
Let i(x) = -x**3 - 123*x**2 - 1011*x + 164. What is i(-9)?
29
Let y(i) = -i**3 - 221*i**2 + 2766*i - 7059. Determine y(-233).
-69
Let c(h) = -h**2 - 807*h - 815. Give c(-1).
-9
Let t(h) = -13*h**2 + 293*h + 687. What is t(32)?
-3249
Let u(t) = 4885*t + 166060. Give u(-34).
-30
Let b(z) = -890200*z + 78337596. Give b(88).
-4
Let w(a) = -a**3 + 30*a**2 + 712*a - 5. Give w(-15).
-560
Let f(i) = 1474*i + 19327. Determine f(-13).
165
Let p(l) = -l**3 - 161*l**2 - 1080*l - 243. Give p(-154).
65
Let g(q) = 3*q**3 + 2*q**2 - 40*q + 90. Calculate g(6).
570
Let q(y) = 53494*y - 213985. Calculate q(4).
-9
Let l(r) = -114062*r + 1026581. What is l(9)?
23
Let q(f) = f**3 + 48*f**2 - 29*f - 1437. Give q(-48).
-45
Let f(h) = 464470*h - 928969. Give f(2).
-29
Let h(w) = 167*w + 988. What is h(-4)?
320
Let g(n) = -197848*n + 1187094. Calculate g(6).
6
Let o(a) = -8915*a + 169371. What is o(19)?
-14
Let p(q) = -461*q + 34166. Calculate p(75).
-409
Let t(c) = -4*c**3 - 237*c**2 - 34*c + 327. Determine t(-59).
-1148
Let g(x) = 1636*x - 9486. Calculate g(5).
-1306
Let k(y) = 66921*y + 133850. Determine k(-2).
8
Let f(d) = -40406*d - 161584. Determine f(-4).
40
Let p(r) = -66*r**2 - 36369*r - 1651. Determine p(-551).
2
Let b(i) = 6*i**3 - 214*i**2 - 53*i - 734. Determine b(36).
-50
Let w(r) = 209*r + 3900. What is w(-31)?
-2579
Let z(b) = 393*b - 29648. Determine z(76).
220
Let t(f) = -10205*f + 1826549. What is t(179)?
-146
Let i(f) = 6*f**2 + 5262*f - 15798. Determine i(3).
42
Let x(m) = -m**3 + 123*m**2 - 812*m + 138. Give x(116).
138
Let d(h) = 16*h**3 - 209*h**2 - 3*h - 4. Determine d(13).
-212
Let b(q) = q**3 + 26*q**2 - 71*q - 200. Determine b(-29).
-664
Let c(s) = -189*s**2 - 200*s - 284. Calculate c(-2).
-640
Let y(r) = -27*r**2 - 466*r - 620. What is y(-16)?
-76
Let y(h) = -10*h**2 - h - 46. What is y(10)?
-1056
Let a(w) = 31*w**2 - 890*w - 250. What is a(29)?
11
Let w(i) = -28*i - 964. Give w(13).
-1328
Let q(p) = 4*p**3 + 39*p**2 + 55*p - 2. Give q(-2).
12
Let r(u) = u**2 + 1547*u + 151415. Determine r(-105).
5
Let m(z) = 23840*z - 739062. What is m(31)?
-22
Let i(y) = -2*y**3 + 394*y**2 - 5*y + 1077. Determine i(197).
92
Let b(l) = 7336*l - 37236. Give b(5).
-556
Let f(u) = 11317*u**2 + 67797*u - 634. Determine f(-6).
-4
Let p(n) = 12*n**2 - 250*n + 2303. Determine p(9).
1025
Let h(c) = 21*c**2 + 7854*c + 292. Calculate h(-374).
292
Let m(d) = 92*d - 10035. Calculate m(108).
-99
Let l(i) = -2*i**2 + 1303*i - 10248. Determine l(8).
48
Let z(w) = 78469*w + 3138762. What is z(-40)?
2
Let t(z) = 2*z**3 + 82*z**2 + 171*z - 15. Calculate t(-39).
-600
Let n(q) = 1749*q**2 + 779*q + 779. Calculate n(-1).
1749
Let c(t) = 76*t - 2508. What is c(33)?
0
Let s(h) = 333*h + 11793. Calculate s(-34).
471
Let o(n) = -96*n**2 + 506*n + 200. Give o(4).
688
Let x(d) = d**3 + 147*d**2 - 9852*d - 647. Give x(-197).
-253
Let x(y) = 262*y + 32667. What is x(-126)?
-345
Let u(r) = -9*r**2 - 568*r + 997. Determine u(-65).
-108
Let w(i) = -i**3 + 75*i**2 - 569*i + 1853. Calculate w(67).
-358
Let m(h) = 19*h**2 - 1336*h + 23467. Calculate m(34).
7
Let o(x) = -91125*x + 91178. Give o(1).
53
Let c(m) = -2*m**3 - 708*m**2 - 2800*m - 70. Give c(-350).
-70
Let p(i) = 102*i - 12426. What is p(123)?
120
Let n(g) = 1977*g + 6470. Calculate n(-3).
539
Let t(q) = -181*q**2 + 917*q + 2448. What is t(7)?
-2
Let l(y) = -29*y**2 + 10464*y + 12304. Determine l(362).
-4
Let c(q) = 2616*q - 410705. Calculate c(157).
7
Let y(s) = 469*s - 18188. Calculate y(41).
1041
Let t(i) = 40*i**2 - 286*i - 1731. Determine t(11).
-37
Let n(j) = -225*j + 1369. Give n(7).
-206
Let y(t) = -t**3 - 40*t**2 + 146*t - 147. Determine y(-43).
-878
Let s(a) = a**3 - 216*a**2 + 1503*a + 19. Determine s(7).
299
Let p(w) = 4444*w + 1728636. Determine p(-389).
-80
Let t(s) = s**3 - 10*s**2 - 120*s - 442. Determine t(-5).
-217
Let o(q) = -15*q**2 - 762*q + 195. Calculate o(-50).
795
Let j(r) = -7*r**3 + 45*r**2 - 72*r + 1. Calculate j(3).
1
Let h(l) = 2*l**3 - 57*l**2 + 84*l - 297. Determine h(26).
-1493
Let m(d) = d**3 - 256*d**2 + 830*d - 81762. Calculate m(254).
26
Let y(w) = 2*w**3 + 40*w**2 - 48*w + 12. Determine y(-21).
138
Let v(k) = 164939*k - 494824. Give v(3).
-7
Let d(f) = -6329*f - 37957. What is d(-6)?
17
Let m(g) = 6*g**3 + 371*g**2 - 2450*g + 123. What is m(6)?
75
Let k(z) = -7919*z - 39100. Determine k(-5).
495
Let p(a) = -2*a**2 + 815*a + 41122. Give p(453).
-101
Let a(h) = -49903*h + 548928. Give a(11).
-5
Let z(y) = -y**3 - 23*y**2 - 98*y + 384. What is z(-15)?
54
Let g(d) = -d**2 + 73*d - 1062. Calculate g(44).
214
Let a(w) = 498*w + 12761. What is a(-25)?
311
Let u(r) = -r**3 + 214*r**2 - 6689*r + 128. What is u(176)?
-48
Let g(x) = -x**3 - 21*x**2 + 629*x + 289. What is g(17)?
0
Let b(n) = -6*n**2 + 9196*n - 27575. Calculate b(3).
-41
Let m(g) = -3*g**2 + 128*g + 1148. Determine m(59).
-1743
Let y(f) = 7*f**3 - 8*f**2 - 109*f + 622. Give y(6).
1192
Let l(g) = -4*g**2 + 25*g + 123. Calculate l(0).
123
Let m(b) = 7426*b - 14791. Determine m(2).
61
Let k(u) = 644*u + 5277. Give k(-8).
125
Let r(k) = k**3 - 269*k**2 - 1937*k + 1310. Give r(276).
-70
L